**2 - 63*m + 6. Let r be t(-7). What is the greatest common divisor of 832 and r?
104
Let a be ((-658)/(-4) - (-6)/4) + -1. Suppose 2*h + 2*k = 80, -5*h - 4*k + a = -6*k. Calculate the greatest common divisor of h and 140.
35
Suppose -4*v + v + 6 = 0. Suppose 0 = -u - 6*g + g + 56, -v*u + 112 = -g. What is the highest common divisor of 8 and u?
8
Let w be (-3 - -4)*(-1 - -1). Suppose w = -3*z - 4*x - x - 13, -2*x + 2 = 3*z. Calculate the greatest common factor of z and 6.
2
Let j = 41 + -38. Suppose 2*t - 495 = -5*z - j*t, -t - 1 = 0. What is the highest common divisor of 20 and z?
20
Suppose -b = -5*x - 57, -x + 6*x = 2*b - 89. Let z = -59 - -87. Suppose 22 = 3*h - 2*o - 8, 5*h + 4*o - z = 0. What is the greatest common divisor of h and b?
8
Let r = 11 - -10. Calculate the greatest common divisor of r and 98.
7
Suppose -6*q = -2*q + 16. Let j be (-359)/q + 2*1/8. What is the greatest common divisor of 10 and j?
10
Let h be (1 - 2) + -2 + 25. What is the greatest common divisor of 682 and h?
22
Let l(w) = 11*w + 7. Let p be l(3). What is the highest common factor of 640 and p?
40
Suppose 4*v - 3*s - 408 = 0, -4*s - s - 85 = -v. Let j = -89 - -131. Calculate the highest common divisor of v and j.
21
Suppose s = h - 7, -4*s = -1 + 5. Let t be (-27)/18*(-100)/h. What is the highest common divisor of 20 and t?
5
Suppose 4*d + 8 = -0. Let m = d - -4. Let j = m - -20. Calculate the greatest common divisor of j and 11.
11
Let t be (-13)/(-3 + 2) - 0. Suppose 352 = 2*u + 3*g, 3*u + g - 220 = 322. Suppose -3*a + u = -a. What is the highest common factor of a and t?
13
Suppose 12 = 21*w - 9. Calculate the greatest common factor of 89 and w.
1
Let t(z) = 4*z - 6. Let m be t(7). Suppose 0*r + 5*r + 3*p - m = 0, -2*r = -p. What is the greatest common factor of 10 and r?
2
Suppose -c + 105 = 6. What is the greatest common divisor of 9 and c?
9
Suppose 23*h + 42 = 29*h. What is the highest common factor of h and 7?
7
Suppose 0 = -6*z + 58 + 44. Suppose z*k = 11*k + 192. What is the highest common divisor of 4 and k?
4
Suppose 3*a = -2*a. Suppose 0 = -6*j - a*j + 66. Let o = j + -5. What is the highest common divisor of 30 and o?
6
Let l be (2 - 0) + 1/((-4)/(-12)). Let a(t) = t - 3. Let i be a(3). Suppose i*f = -4*f + 80. What is the highest common factor of l and f?
5
Suppose -85*q + 79*q + 10896 = 0. What is the highest common factor of 8 and q?
8
Let u = -11 - -16. What is the highest common factor of u and 55?
5
Let q(f) = -f**3 + 17*f**2 + 19*f - 20. Let w be q(18). Let l be 1 - (-17)/(-2)*w. What is the highest common divisor of 126 and l?
18
Let f(a) = -4*a**3 - 3*a**2 + 1. Let d be f(-2). Suppose -3*x = -114 - d. What is the highest common factor of 5 and x?
5
Let c be (84/8)/(2/8). Suppose -3*a = -0*a + 4*s - 80, 3*a - 82 = -2*s. What is the highest common divisor of a and c?
14
Suppose 0 = -4*k + 4*w - 7 + 3, 0 = -k + 2*w - 2. Let h(r) = -r**3 + 2*r + 6. Let p be h(k). What is the greatest common factor of 15 and p?
3
Let c be (19 - 1)*(-4)/6. Let g(q) = -q**2 - 13*q + 18. Let y be g(c). Calculate the highest common divisor of y and 60.
30
Let y be (2 + -1)*(-216)/(-12). Calculate the highest common divisor of 27 and y.
9
Suppose 3861 = 3*a + 2*p, -a + p + 1353 = 66. What is the greatest common factor of 33 and a?
33
Let z be 1 - -2 - (-15)/3. Let t be (2/5)/(z/(-80)). Let g be (-1)/(-4) + (-131)/t. What is the greatest common divisor of 22 and g?
11
Let t be (-12)/(-4) + 4 - 166/(-2). Calculate the highest common factor of t and 4.
2
Let o(j) = j**2 + 4*j + 6. Let h be o(-3). Suppose 0 = -3*r + h, n - 3*n + 61 = 5*r. Calculate the greatest common factor of 14 and n.
14
Let b(j) = 7*j + 177. Let r be b(-25). What is the greatest common divisor of r and 118?
2
Let z be 4/(-2) + (11 - 6). Let p = z + 22. Calculate the greatest common factor of 25 and p.
25
Let g be 352/14 - 2/14. Calculate the highest common divisor of 925 and g.
25
Let r be (-78)/104 + 15/4. Calculate the highest common factor of 39 and r.
3
Let o(g) = g**2 + 9*g - 5. Let i be o(-7). Let k = i + 14. Let s(m) = m**3 + 5*m**2 - 4*m + 2. Let h be s(k). Calculate the highest common factor of 198 and h.
22
Suppose 0 = -72*l + 66*l + 7830. Calculate the greatest common divisor of l and 45.
45
Let h = 533 - 518. Let l = 157 - 52. Calculate the greatest common factor of h and l.
15
Suppose -4*c = 4*f - 8, f - 4*f + 6 = 5*c. Suppose -2*t = f*t - 3*i - 101, -2*t + 55 = -3*i. Calculate the highest common factor of 161 and t.
23
Let l be ((-1400)/300)/(2/(-84)). What is the greatest common factor of l and 686?
98
Let h = 420 - 419. Calculate the highest common factor of h and 64.
1
Suppose 0 = 2*x + 5*y + 40, -62 = 4*x + 2*y - y. Let h be (-12)/54 + (-317)/(-9). Let z = h + x. What is the highest common factor of 80 and z?
20
Let d = 0 + 15. Let i(b) = -b**2 - 6*b + 4. Let y be i(-5). Let m = 126 + y. What is the highest common factor of m and d?
15
Let h(m) = -4*m**2 + m - 1. Let a be h(1). Let f be a/(-18) - (-28)/36. Calculate the highest common factor of f and 1.
1
Let g be (-55)/33 + (-2)/(-3) + 6. Suppose 2*d + 5*s + 13 = 0, 0*d - 25 = -g*d - s. What is the greatest common divisor of 18 and d?
6
Let y = -84 + 249. What is the highest common factor of y and 45?
15
Let g be 4 + (4 - 2) + -6. Suppose g = -p + 13 + 20. Calculate the highest common divisor of p and 11.
11
Let u be (3 - 0) + 0 - 1. Suppose 42 = w - 0*w. Suppose -m = u*c, 5*m - 4*c = -0*c + w. Calculate the highest common factor of 54 and m.
6
Let o be 6/(-4)*(-84 - 0). Let h = 1 + 52. Let m = h - 35. Calculate the greatest common divisor of o and m.
18
Suppose -4*q = 3*r - 1494, -3*r - 1506 = 2*q - 6*q. Calculate the greatest common factor of q and 30.
15
Let q(p) = 7*p**3 - 3*p**2 - 4*p + 4. Let g be q(3). Calculate the greatest common factor of g and 88.
22
Let l be 61/(-3) + (-12)/18. Let d = l - -45. Calculate the highest common factor of 192 and d.
24
Let a(o) = o**2 + 26*o - 200. Let c be a(7). What is the highest common divisor of 31 and c?
31
Let k be 3 + 0 + 6*9/6. Let n be (-34)/(-6) + (-5)/(-15). Calculate the greatest common factor of n and k.
6
Suppose -8*u + 2*u = -1926. Let o = u + -209. Calculate the greatest common factor of 14 and o.
14
Let h be (8/1)/(25/50). Calculate the greatest common divisor of h and 1008.
16
Let c(h) = 11*h**2 - 1. Let s = -34 + 39. Suppose s*m = -1 - 4. Let b be c(m). Calculate the highest common divisor of b and 30.
10
Suppose -5*s = z + 118 - 45, -5*z - 321 = 3*s. Let j = 7 - z. Suppose 0 = 4*t - 57 + 1. Calculate the highest common divisor of t and j.
14
Let b(z) = -2*z**3 - 48*z**2 - 2*z + 36. Let n be b(-24). Calculate the greatest common divisor of n and 24.
12
Let x be (35 + -1)*9/2. Let w be (-3400)/50*1/(-4). What is the greatest common factor of x and w?
17
Let z(l) = l**2 + 3*l - 4. Let s be z(-4). Suppose -v + w + 10 = s, -v = 4*w + 3 + 12. Calculate the highest common divisor of 25 and v.
5
Let r = -235 - -361. Calculate the greatest common divisor of r and 108.
18
Let j(m) = -2*m**2 + 50*m - 68. Let w be j(22). What is the greatest common factor of 8 and w?
8
Suppose 2*i = -5*i + 4865. Suppose 10*u - 345 = i. What is the highest common factor of u and 13?
13
Let h(t) = t**3 + 9*t**2 + 8*t. Let m be h(-8). Suppose 2*a + 3 - 13 = m. Calculate the highest common divisor of a and 2.
1
Suppose g = 6*g - 85. Let c be -8*2/(4 + 0). Let r be c/6 - (-310)/6. What is the highest common factor of g and r?
17
Suppose r - 1 = 4*i + 13, 0 = -4*i - 8. Let w be (39/r)/((-1)/2). Let k = w + 19. What is the highest common divisor of 3 and k?
3
Let z(o) = 24*o. Let l(i) = -6*i - 8. Let c be l(-2). Let k be z(c). Calculate the greatest common divisor of 12 and k.
12
Let f(k) = k + 8. Let s be f(6). Let z = -2 + 22. Let a = z + -6. What is the highest common factor of a and s?
14
Suppose 0 = 4*j + j - 20, 7 = -3*t + 4*j. Suppose t*l = 4*l. Let m(c) = -3*c + 28. Let s be m(l). What is the greatest common factor of 7 and s?
7
Suppose 2*a - 36 = -14. Calculate the highest common divisor of 297 and a.
11
Let v = -1445 + 1457. Calculate the highest common divisor of v and 188.
4
Let h be 330/6 - -5 - -5. Suppose -3*y - h = -5*i + 15, 5*y = 0. Let v(t) = 40*t**2 + t - 1. Let s be v(1). Calcula